 - -2 - 2 - (0 - 12))?
46
What is the value of 50 - (81 + -22) - (32 - 6)?
-35
12 + -1 - (2 - (0 - -19 - (-62 + 9)))
81
Calculate (-86 - (-55 - 68)) + -115.
-78
What is the value of -3 - (-2 - -2 - (11 - 24))?
-16
Evaluate 46 + (-21 - (66 - 34)).
-7
Evaluate (42 - 14) + -11 + -32 + 0.
-15
Evaluate -70 + (-65 - -122) - -21.
8
Calculate -7 + (-11 - -9) + -23 - -15.
-17
Calculate (-26 - -25) + (39 - 49) - (-1 + -1).
-9
(18 - ((-23 - -12 - -28) + 10)) + (1 - 94)
-102
What is the value of -41 - (-158 - (11 - 63))?
65
Calculate 25 - (1 + 55 + 5).
-36
-3 - 52 - ((20 - 0) + 127 + -147 + -13)
-42
Calculate 7 + (0 + -132 - (-31 - 1 - -27 - 11)).
-109
-228 + 258 - ((4 - 13) + 38)
1
What is the value of -84 + (36 - -40) + (14 - 2 - -1)?
5
Evaluate (-25 - -206) + (-99 - 5).
77
50 - (-69 + -16 + 129)
6
Calculate -2 - -1 - (-33 - (-56 + 30 + 4)).
10
Evaluate -56 - (-28 - (-28 - (-11 + 28))) - (7 - 0).
-80
What is -42 - (11 - ((12 + -5 - -13) + -6))?
-39
Evaluate 1 - (-44 - 1) - (-52 + 4 + -5 + 42).
57
What is 201 - 213 - (-159 + 58)?
89
-1 - 7 - (109 + (12 - 55) + -21)
-53
-13 + (-14 - (-45 + 9 + -18))
27
Evaluate (1 - -20 - 2 - 6) + (-20 - 5).
-12
What is -7 + 6 - (-26 - -11 - 1)?
15
What is the value of 4 + -11 + 16 - (3 - -2) - (-52 - -8)?
48
21 + (4 + -4 + -54 - -21)
-12
Calculate 10 - 1 - (115 + -120 + 2).
12
Evaluate -6312 - -6345 - (-28 - 1).
62
Evaluate -1 - ((-81 - -42) + 13).
25
What is the value of -10 + -5 + 48 - 12?
21
Evaluate 27 + 11 + -58 - (-43 - -16).
7
Evaluate (2 + -29 + -18 - 1) + -2.
-48
-11 + 20 + 6 + 39 + -10 + 29 + -10
63
What is (2 - -5 - 11) + 18 + -15 + 15?
14
Evaluate -8 + 13 + -8 - (-12 - (8 - (-8 - 2))).
27
Evaluate (-1 - -158 - 161) + (-1 - -2 - -6).
3
Evaluate (-45 - -53 - -20) + 7.
35
What is the value of 0 + -98 + -37 + 91?
-44
27 + (29 + -36 - (-1 + (-6 - -4) - 7))
30
What is -3 + -5 + 5 + -2 + 3?
-2
What is 3 + 12 - (-18 + 1 + -2 - -111)?
-77
Calculate -67 + -5 + 12 + 7 + -34.
-87
What is the value of -38 - (74 + (-61 - 31))?
-20
What is the value of 24 + (119 - 52) + -223?
-132
Calculate (5 - -1 - (-35 + -47 + 72)) + -48.
-32
What is the value of -3 - (30 - (9 + (15 - (13 + -1))))?
-21
Evaluate 9 + -9 + -22 + -102 + 88.
-36
8 - -2 - (16 + -19 + 0 + (11 - -70))
-68
What is (-13 - -7) + -10 - (-5 - (-8 - -10))?
-9
Calculate -1 + (-51 - -27) + 53.
28
What is (70 - (79 + 67)) + 127?
51
What is the value of 0 - (28 - (-1 + -5)) - (-39 - -95 - 44)?
-46
Calculate (-2 - 6) + (-47 - -46) + 2 + 17.
10
What is -33 + 45 + (71 - -7 - -42)?
132
Calculate 2 + (1 - (4 + 1)) + (-4 + -7 - -2).
-11
What is -41 - (19 + (-18 - -6))?
-48
(-8 - 53) + -28 - -94
5
(12876 - 12847) + 49 + 0 + 0
78
Calculate -7 + 4 + 41 + 12 - 34.
16
Evaluate 20 + 0 - ((-98 - -130) + (0 - 43)).
31
What is the value of (3 - (19 + 2 - 0)) + 140 + 4?
126
Evaluate (0 - (-2 - 38) - (-283 - -276)) + -8 + 13.
52
What is the value of (-6999 - -6953) + 180 + (3 - 5)?
132
-222 + 237 - (-6 + 4 + -7)
24
What is 17 + -1 + -63 + (-7 - 15) + 10?
-59
Evaluate 8 - (-13 + 0 + (-779 - -766)).
34
-22 + 59 + (-25 - -16) + 3
31
What is 125 - ((7 - 53) + 52 + 7 + -2)?
114
Calculate -83 - (-2 + 13 + -19 - (9 - (18 - -5))).
-89
What is 71 - (34 - -116) - 62?
-141
Calculate -4 + 23 + (26 - 73) + 19 + (9 - 2).
-2
Calculate (3 - 51) + 114 + (-1 - 18).
47
Calculate 9 + (-56 - (9 + -7)) + -1 + (9 - 11).
-52
110 + (14 - (1567 + -1565 + 1 + -2 + 3))
120
Calculate 1 - 5 - (102 + -84) - -87.
65
Calculate 5 + (39 - 110) + (8 - (-8 - -39)).
-89
Calculate (22 - 18 - -140 - 26) + 23.
141
Evaluate 42 - (13 + 54) - (-12 - -2).
-15
Calculate -2 + -8 + -19 + -2 + 1 + -28 + 17.
-41
What is the value of 2 - -4 - (-18 + -7) - (-8 + -25 + 34)?
30
What is 40 + -3 + -94 + 39?
-18
What is the value of 14 + 1 + -22 - (-132 - -3 - (4 + -2))?
124
What is the value of (-43 - 1) + 4 + (6 - (8 + (12 - 7)))?
-47
Calculate 3 - (22 - (79 + -4)).
56
Evaluate -45 - (23 + -46) - 23.
-45
What is the value of 0 + 1 - 1 - (42 + -18 - (20 - 5))?
-9
(0 + 2 - -3 - (-1030 - -1027)) + (1 - -28)
37
What is 5 - 0 - (-26 - (-3 + -14) - (-32 - 30))?
-48
Evaluate 47 - (80 + -64 + -46).
77
Evaluate 21 - (-17 - -20 - -11) - -44.
51
Calculate (-8 - (0 - -2)) + -46 + 40 + 4.
-12
(-60 - (-127 + 43)) + (2 - 0)
26
What is 94 - (0 + 2) - (-1 + -29 + -407 + 441)?
88
What is -45 + (48 - -57) + -39?
21
What is 1 + 2 + -1 + -40 + (-517 - -516)?
-39
Calculate -7 + (-1 - -12 - 12) + 6 - 40.
-42
-1 + 91 + 1 - (27602 - 27594)
83
(-6 - 7) + -22 + 16 + -18
-37
What is (-2 - 0) + (-24 - (-35 + -1)) - -11?
21
What is 48 - (42 + -40 + -1)?
47
What is the value of -11 + (10 - (-7 + 45 - 7 - 9)) + 52?
29
Evaluate 14 + 93 - 108 - -126.
125
Calculate -10 + 47 + 121 + -84.
74
What is the value of 19 - (-19 - (-32 - (3 + -5)))?
8
Calculate -538 + 570 + (-1 - 39).
-8
What is the value of (-125 - (-45 - -50)) + 74?
-56
Evaluate -12 - (-2 - -1 - (-534 - -441) - 4).
-100
Evaluate (16 - 65 - -15) + 15 + (-1 - 3).
-23
What is the value of 12 - (-3 + 1) - (-135 + 221 + -58)?
-14
What is the value of 22 + 28 + -25 + 14 + -2?
37
What is 31 - ((-24 - (-16 - -1)) + 152)?
-112
(-18 - 29) + 59 + -4 + -4 + (4 - 2)
6
What is -12 + 37 + 26 + (-20 - -14)?
45
What is 17 - (9 + -14 + -4 - -25)?
1
35 + -32 + 17 + (46 - 4)
62
What is the value of (23 - (-1 + 6 - (5 + -1 + 12))) + 2?
36
28 - 2 - (-336 - -352)
10
Evaluate 9 + -34 + (-1 - -20) - (1 - -9).
-16
Evaluate (-1 - -17 - 12 - (0 - -1)) + (-1 - -14).
16
What is -67 + 30 + (-87 - -107)?
-17
What is ((-131 - -49) + 75 - (0 + 6)) + 60?
47
What is the value of (-2 - 2) + 5 - (25 - (-3 + -1) - 5)?
-23
Calculate 92 + -10 + 11 + (9 - -20) + -20.
102
Calculate 54 + (450 + -465 - (-8 - (-4 - -1) - 0)).
44
Evaluate -10 - (2 + 2 + -1 - (14 - 43)).
-42
-62 - 66 - (7 + 2 - (42 + 1 + -19))
-113
(270 - 324) + (36 - -1)
-17
Evaluate 0 + (-46 + 77 - (-2 + 77)).
-44
What is the value of -9 - (-2 - (6 - (-5 - -10) - 18))?
-24
-25 + 53 + 11 + -24
15
What is the value of -11 + 18 + -57 - -43?
-7
-2 + (-38 + 28 + 18 - (55 + 1))
-50
What is (28 - 70 - -27) + 38 + -48?
-25
Calculate (-2 - 3) + (-66 - (102 - 55)).
-118
What is the value of 33 + 1 - (389 + -379) - (-5 - -5)?
24
Calculate -3 + (-82 - -3) - (20 + -21) - 14 - 12.
-107
-97 - (26 - 36 - -20) - -27
-80
Calculate 1 + 9 + (-3 - -6) - (-17 + -16).
46
-6 - (-10 - -3) - (64 + -39 + 92)
-116
Calculate 1 - -17 - (6758 + -6830).
90
Calculate 0 - (-2 + -7 + (2 - -10) + -12) - 45.
-36
Calculate -35 + -91 - (-36 + -16).
-74
Calculate 31 + -79 + 40 + (-127 - (-3 + 3)) + -5.
-140
-8 - (7 - 6) - 7 - (251 - 285)
18
-79 - (20 + -34 + -23)
-42
Calculate (-13 + -1 - 0) + 32 + 30 + -136.
-88
What is 4 + 7 + (70 + -25 - 40 - (2 - -113))?
-99
Evaluate -5 + 1 + (53 - (11 + (32 - 13))).
19
51 + (42 - 73 - 2) + -13 + 1 + -42
-36
What is (-46 - (4 + (-9 - (-2 - -2 - -6)))) + 8?
-27
0 + (41 + -26 - (33 + -5)) + (-2 - -75)
60
What is -4983 + 4904 - (-58 - 0)?
-21
What is the value of 51 - 0 - ((26 - 34 - -40) + -56)?
75
Evaluate -66 + (-12 - (-23 - (60 + -38))).
-33
What is the value of (59 - (30 - -15)) + -18?
-4
Evaluate -47 - -3 - -22 - -2.
-20
Evaluate 47 - 46 - (66 - -44).
-109
Calculate 57 - (-2 - (7 - 12)) - (-6 - 3).
63
0 + 8 + 0 + -4 + (-642 - -678)
40
What is 199 + 51 + -240 - (34 + 0 + -1)?
-23
What is 38 + -40 + (-1 - -2) + 6 + 0 + -28?
-23
Calculate -209 + (114 - 53) + 21.
-127
Calculate -39 + -50 + 142 + -37.
16
What is the value of 102 + (105 - (115 - 31))?
123
-21 + (41 - (40 + -40))
20
Evaluate -4 + -8 + (22 - 53 - -54).
11
-1155 - -1192 - (-13 + -1)
51
What is -80 - (7 + -42) - -3?
-42
What is the value of 0 + 6 + 2 + 0 - (4123 + -4197)?
82
What is the value of 60 + -33 - -2 - 48?
-19
Calculate (-18 - 10) + 32 + 0 + (6 - 2) + -40.
-32
What is the value of (2 - 2) + (-3 + -22 - -41)?
16
What is -11 - -12 - (17 + 33 + -14 + (1 - 0))?
-36
Calculate -49 - 2 - ((33 - 23) + -3 + 8 + -26).
-40
Evaluate 3 + (38 - (92 + -38)).
-13
What is 8 + 3 + -24 + 6 + -19?
-26
Calculate (-5 - -4) + (-203 - -32) + 66.
-106
(3 - 30 - -14 - (0 + 2)) + 11 - -93
89
Calculate 4 - (12 - (0 + 10 + -5)) - -35.
32
Calculate -11 - (0 - -16 - (0 - -6) - 128).
107
What is the value of (-172 - (-21 - 40)) + 10?
-101
What is the value of (-42 - -110) + -45 + 34?
57
(10 - (-5 + 27)) + (0 - (-1 + 3) - -66)
52
Evaluate 31 - -72 - (27 - 